{"id":503,"date":"2018-03-07T21:44:20","date_gmt":"2018-03-07T20:44:20","guid":{"rendered":"https:\/\/efaxo.com\/?page_id=503"},"modified":"2018-03-12T01:30:12","modified_gmt":"2018-03-12T00:30:12","slug":"architecture","status":"publish","type":"page","link":"https:\/\/efaxo.com\/index.php\/architecture\/","title":{"rendered":"Architecture"},"content":{"rendered":"<p>[et_pb_section fb_built=&#8221;1&#8243; fullwidth=&#8221;on&#8221; _builder_version=&#8221;3.0.105&#8243; custom_padding=&#8221;0px|0px|2px|0px&#8221;][et_pb_fullwidth_image src=&#8221;https:\/\/efaxo.com\/wp-content\/uploads\/2018\/03\/Architecture-e1520814045720.jpg&#8221; _builder_version=&#8221;3.0.105&#8243;][\/et_pb_fullwidth_image][\/et_pb_section][et_pb_section fb_built=&#8221;1&#8243; _builder_version=&#8221;3.0.105&#8243; background_image=&#8221;https:\/\/efaxo.com\/wp-content\/uploads\/2018\/03\/Archi2.jpg&#8221; background_size=&#8221;initial&#8221; background_position=&#8221;center_left&#8221; custom_padding=&#8221;90px|1px|126px|5px&#8221;][\/et_pb_section][et_pb_section fb_built=&#8221;1&#8243; inner_shadow=&#8221;on&#8221; _builder_version=&#8221;3.0.105&#8243; custom_margin=&#8221;0px||-40px|&#8221; custom_padding=&#8221;0px|0px|37px|0px&#8221;][et_pb_row make_fullwidth=&#8221;on&#8221; custom_padding=&#8221;27px|0px|27px|0px&#8221; _builder_version=&#8221;3.0.105&#8243;][et_pb_column type=&#8221;4_4&#8243; _builder_version=&#8221;3.0.47&#8243; parallax=&#8221;off&#8221; parallax_method=&#8221;on&#8221;][et_pb_text _builder_version=&#8221;3.0.105&#8243; header_font=&#8221;||||||||&#8221; header_text_align=&#8221;center&#8221;]<\/p>\n<h1><span style=\"color: #007096;\"><strong>Conception de l\u2019architecture d\u2019un r\u00e9seau d\u2019entreprise<\/strong><\/span><\/h1>\n<p>[\/et_pb_text][\/et_pb_column][\/et_pb_row][et_pb_row make_fullwidth=&#8221;on&#8221; _builder_version=&#8221;3.0.105&#8243; border_width_bottom=&#8221;2px&#8221; border_color_bottom=&#8221;rgba(51,51,51,0.3)&#8221; module_alignment=&#8221;center&#8221;][et_pb_column type=&#8221;1_3&#8243; _builder_version=&#8221;3.0.47&#8243; parallax=&#8221;off&#8221; parallax_method=&#8221;on&#8221;][et_pb_image src=&#8221;https:\/\/efaxo.com\/wp-content\/uploads\/2018\/03\/charles-deluvio.jpg&#8221; align=&#8221;center&#8221; _builder_version=&#8221;3.0.105&#8243;][\/et_pb_image][\/et_pb_column][et_pb_column type=&#8221;2_3&#8243; _builder_version=&#8221;3.0.47&#8243; parallax=&#8221;off&#8221; parallax_method=&#8221;on&#8221;][et_pb_text _builder_version=&#8221;3.0.105&#8243; text_font=&#8221;Open Sans||||||||&#8221; text_font_size=&#8221;16px&#8221; text_line_height=&#8221;1.8em&#8221; header_font=&#8221;||||||||&#8221; header_text_align=&#8221;center&#8221; inline_fonts=&#8221;Open Sans&#8221;]<\/p>\n<p><strong>Qu\u2019il s\u2019agisse de vous guider dans votre projet de mise en place ou de renouvellement\u00a0:<\/strong><\/p>\n<ul>\n<li>d\u2019un parc informatique<\/li>\n<li>d\u2019un r\u00e9seau<\/li>\n<li>de l\u2019arrimage d\u2019un nouveau syst\u00e8me d\u2019information<\/li>\n<\/ul>\n<p><strong>Notre \u00e9quipe de professionnels proc\u00e8dera \u00e0\u00a0:<\/strong><\/p>\n<ul>\n<li>L\u2019analyse des\u00a0 besoins sp\u00e9cifiques \u00e0 votre entreprise<\/li>\n<li>La conception de l\u2019architecture des diff\u00e9rents syst\u00e8mes, dans le respect des normes<\/li>\n<li>L\u2019\u00e9laboration d\u2019une vision claire et exacte de votre\u00a0 projet d\u2019informatisation<\/li>\n<li>L\u2019identification d\u2019\u00e9ventuels points critiques<\/li>\n<li>La proposition\u00a0 de solutions pour mener \u00e0 bien votre projet ou rem\u00e9dier aux diff\u00e9rents probl\u00e8mes<\/li>\n<\/ul>\n<p>Par la suite, nous pourrons proc\u00e9der \u00e0 la prise en charge du projet en vous soumettant un devis et en vous accompagnant tout au long de la r\u00e9alisation de celui-ci.\u00a0<\/p>\n<p><span>Contactez un de nos conseillers en conception d\u2019application web en <a href=\"..\/contact\/\">cliquant ici<\/a>!<\/span><\/p>\n<p>[\/et_pb_text][\/et_pb_column][\/et_pb_row][\/et_pb_section]<\/p>\n","protected":false},"excerpt":{"rendered":"<p>Conception de l\u2019architecture d\u2019un r\u00e9seau d\u2019entrepriseQu\u2019il s\u2019agisse de vous guider dans votre projet de mise en place ou de renouvellement\u00a0: d\u2019un parc informatique d\u2019un r\u00e9seau de l\u2019arrimage d\u2019un nouveau syst\u00e8me d\u2019information Notre \u00e9quipe de professionnels proc\u00e8dera \u00e0\u00a0: L\u2019analyse des\u00a0 besoins sp\u00e9cifiques \u00e0 votre entreprise La conception de l\u2019architecture des diff\u00e9rents syst\u00e8mes, dans le respect des [&hellip;]<\/p>\n","protected":false},"author":1,"featured_media":0,"parent":0,"menu_order":0,"comment_status":"closed","ping_status":"closed","template":"","meta":{"_et_pb_use_builder":"on","_et_pb_old_content":"","_et_gb_content_width":""},"_links":{"self":[{"href":"https:\/\/efaxo.com\/index.php\/wp-json\/wp\/v2\/pages\/503"}],"collection":[{"href":"https:\/\/efaxo.com\/index.php\/wp-json\/wp\/v2\/pages"}],"about":[{"href":"https:\/\/efaxo.com\/index.php\/wp-json\/wp\/v2\/types\/page"}],"author":[{"embeddable":true,"href":"https:\/\/efaxo.com\/index.php\/wp-json\/wp\/v2\/users\/1"}],"replies":[{"embeddable":true,"href":"https:\/\/efaxo.com\/index.php\/wp-json\/wp\/v2\/comments?post=503"}],"version-history":[{"count":21,"href":"https:\/\/efaxo.com\/index.php\/wp-json\/wp\/v2\/pages\/503\/revisions"}],"predecessor-version":[{"id":2731,"href":"https:\/\/efaxo.com\/index.php\/wp-json\/wp\/v2\/pages\/503\/revisions\/2731"}],"wp:attachment":[{"href":"https:\/\/efaxo.com\/index.php\/wp-json\/wp\/v2\/media?parent=503"}],"curies":[{"name":"wp","href":"https:\/\/api.w.org\/{rel}","templated":true}]}}

<p>[et_pb_section fb_built=&#8221;1&#8243; fullwidth=&#8221;on&#8221; _builder_version=&#8221;3.0.105&#8243; custom_padding=&#8221;0px|0px|2px|0px&#8221;][et_pb_fullwidth_image src=&#8221;https://efaxo.com/wp-content/uploads/2018/03/Architecture-e1520814045720.jpg&#8221; _builder_version=&#8221;3.0.105&#8243;][/et_pb_fullwidth_image][/et_pb_section][et_pb_section fb_built=&#8221;1&#8243; _builder_version=&#8221;3.0.105&#8243; background_image=&#8221;https://efaxo.com/wp-content/uploads/2018/03/Archi2.jpg&#8221; background_size=&#8221;initial&#8221; background_position=&#8221;center_left&#8221; custom_padding=&#8221;90px|1px|126px|5px&#8221;][/et_pb_section][et_pb_section fb_built=&#8221;1&#8243; inner_shadow=&#8221;on&#8221; _builder_version=&#8221;3.0.105&#8243; custom_margin=&#8221;0px||-40px|&#8221; custom_padding=&#8221;0px|0px|37px|0px&#8221;][et_pb_row make_fullwidth=&#8221;on&#8221; custom_padding=&#8221;27px|0px|27px|0px&#8221; _builder_version=&#8221;3.0.105&#8243;][et_pb_column type=&#8221;4_4&#8243; _builder_version=&#8221;3.0.47&#8243; parallax=&#8221;off&#8221; parallax_method=&#8221;on&#8221;][et_pb_text _builder_version=&#8221;3.0.105&#8243; header_font=&#8221;||||||||&#8221; header_text_align=&#8221;center&#8221;]</p>
<h1><span style="color: #007096;"><strong>Conception de l’architecture d’un réseau d’entreprise</strong></span></h1>
<p>[/et_pb_text][/et_pb_column][/et_pb_row][et_pb_row make_fullwidth=&#8221;on&#8221; _builder_version=&#8221;3.0.105&#8243; border_width_bottom=&#8221;2px&#8221; border_color_bottom=&#8221;rgba(51,51,51,0.3)&#8221; module_alignment=&#8221;center&#8221;][et_pb_column type=&#8221;1_3&#8243; _builder_version=&#8221;3.0.47&#8243; parallax=&#8221;off&#8221; parallax_method=&#8221;on&#8221;][et_pb_image src=&#8221;https://efaxo.com/wp-content/uploads/2018/03/charles-deluvio.jpg&#8221; align=&#8221;center&#8221; _builder_version=&#8221;3.0.105&#8243;][/et_pb_image][/et_pb_column][et_pb_column type=&#8221;2_3&#8243; _builder_version=&#8221;3.0.47&#8243; parallax=&#8221;off&#8221; parallax_method=&#8221;on&#8221;][et_pb_text _builder_version=&#8221;3.0.105&#8243; text_font=&#8221;Open Sans||||||||&#8221; text_font_size=&#8221;16px&#8221; text_line_height=&#8221;1.8em&#8221; header_font=&#8221;||||||||&#8221; header_text_align=&#8221;center&#8221; inline_fonts=&#8221;Open Sans&#8221;]</p>
<p><strong>Qu’il s’agisse de vous guider dans votre projet de mise en place ou de renouvellement :</strong></p>
<ul>
<li>d’un parc informatique</li>
<li>d’un réseau</li>
<li>de l’arrimage d’un nouveau système d’information</li>
</ul>
<p><strong>Notre équipe de professionnels procèdera à :</strong></p>
<ul>
<li>L’analyse des  besoins spécifiques à votre entreprise</li>
<li>La conception de l’architecture des différents systèmes, dans le respect des normes</li>
<li>L’élaboration d’une vision claire et exacte de votre  projet d’informatisation</li>
<li>L’identification d’éventuels points critiques</li>
<li>La proposition  de solutions pour mener à bien votre projet ou remédier aux différents problèmes</li>
</ul>
<p>Par la suite, nous pourrons procéder à la prise en charge du projet en vous soumettant un devis et en vous accompagnant tout au long de la réalisation de celui-ci. </p>
<p><span>Contactez un de nos conseillers en conception d’application web en <a href="../contact/">cliquant ici</a>!</span></p>
<p>[/et_pb_text][/et_pb_column][/et_pb_row][/et_pb_section]</p>

<p>Conception de l’architecture d’un réseau d’entrepriseQu’il s’agisse de vous guider dans votre projet de mise en place ou de renouvellement : d’un parc informatique d’un réseau de l’arrimage d’un nouveau système d’information Notre équipe de professionnels procèdera à : L’analyse des  besoins spécifiques à votre entreprise La conception de l’architecture des différents systèmes, dans le respect des [&hellip;]</p>
